47, 3917
What are the prime factors of 3623235317?
13, 101, 433, 6373
What are the prime factors of 170997084?
2, 3, 17, 279407
List the prime factors of 418462547.
29, 1453, 9931
List the prime factors of 3240502226.
2, 13, 17, 7331453
List the prime factors of 25643074.
2, 769, 16673
What are the prime factors of 3120154108?
2, 3571, 218437
List the prime factors of 296627718.
2, 3, 29, 1704757
What are the prime factors of 3031998623?
47, 64510609
List the prime factors of 916049.
916049
What are the prime factors of 160325747?
160325747
What are the prime factors of 817634343?
3, 911, 299171
What are the prime factors of 68995699?
23, 2999813
List the prime factors of 84991386.
2, 3, 14165231
List the prime factors of 8245583.
89, 92647
What are the prime factors of 70674114?
2, 3, 7, 1682717
What are the prime factors of 1189628881?
7, 169946983
List the prime factors of 4840746883.
7, 79, 1087, 8053
What are the prime factors of 299090666?
2, 7, 19, 23, 31, 83
What are the prime factors of 50397171?
3, 11, 1527187
List the prime factors of 241940427.
3, 23, 3506383
List the prime factors of 2727384773.
19, 143546567
What are the prime factors of 86631802?
2, 43315901
List the prime factors of 498914862.
2, 3, 79, 1052563
List the prime factors of 8504212.
2, 937, 2269
What are the prime factors of 791749113?
3, 263916371
What are the prime factors of 3910769115?
3, 5, 11, 3181, 7451
What are the prime factors of 149629545?
3, 5, 13, 85259
List the prime factors of 61376081.
13, 37, 127601
What are the prime factors of 2032217682?
2, 3, 11, 181, 311, 547
List the prime factors of 134251988.
2, 13, 2581769
List the prime factors of 15145132.
2, 23, 164621
List the prime factors of 72045704.
2, 9005713
What are the prime factors of 3660503463?
3, 19, 3907, 5479
List the prime factors of 3139138070.
2, 5, 59, 157, 33889
List the prime factors of 678168207.
3, 389, 21523
List the prime factors of 564579395.
5, 19, 29, 101, 2029
List the prime factors of 997100032.
2, 173, 11257
List the prime factors of 797161166.
2, 398580583
List the prime factors of 2125251644.
2, 531312911
List the prime factors of 28602433.
59, 484787
What are the prime factors of 123395615?
5, 7, 241, 14629
What are the prime factors of 6828422?
2, 3414211
List the prime factors of 650992887.
3, 113, 167, 3833
What are the prime factors of 358692649?
7, 51241807
List the prime factors of 609253554.
2, 3, 7, 13, 159407
List the prime factors of 195994243.
195994243
What are the prime factors of 78026534?
2, 23, 211, 8039
List the prime factors of 40658653.
7, 5808379
What are the prime factors of 513294311?
17, 31, 43, 22651
What are the prime factors of 3262106623?
3262106623
List the prime factors of 180592192.
2, 11, 71, 3613
What are the prime factors of 217155134?
2, 7, 47, 401, 823
List the prime factors of 55230449.
229, 433, 557
What are the prime factors of 161168768?
2, 67, 18793
List the prime factors of 9261109.
11, 13, 64763
List the prime factors of 38219519.
13, 17, 53, 251
What are the prime factors of 87455469?
3, 131, 222533
What are the prime factors of 810758115?
3, 5, 911, 19777
List the prime factors of 4569245958.
2, 3, 17, 37, 1210717
List the prime factors of 117346828.
2, 23, 43, 29663
What are the prime factors of 4178483960?
2, 5, 7, 53, 271, 1039
List the prime factors of 90372178.
2, 13, 29, 4133
List the prime factors of 4434202342.
2, 491, 2113, 2137
List the prime factors of 505944063.
3, 29, 43, 5009
What are the prime factors of 42811306?
2, 21405653
List the prime factors of 2141172830.
2, 5, 8693, 24631
What are the prime factors of 516594726?
2, 3, 31, 61, 5059
List the prime factors of 64002196.
2, 227, 70487
List the prime factors of 417579643.
13, 4751, 6761
What are the prime factors of 53097314?
2, 229, 115933
List the prime factors of 2696796931.
2696796931
What are the prime factors of 107628374?
2, 7, 7687741
List the prime factors of 666993302.
2, 37, 9013423
What are the prime factors of 326231645?
5, 199, 327871
What are the prime factors of 3162043946?
2, 61, 25918393
List the prime factors of 593616695.
5, 7, 53, 320009
What are the prime factors of 3216587750?
2, 5, 12866351
What are the prime factors of 896347862?
2, 448173931
What are the prime factors of 133278371?
43, 3099497
What are the prime factors of 654915490?
2, 5, 65491549
List the prime factors of 189414062.
2, 23, 4117697
What are the prime factors of 1644162233?
7, 43, 127031
What are the prime factors of 1489857176?
2, 186232147
List the prime factors of 21408406.
2, 17, 47, 13397
List the prime factors of 306603546.
2, 3, 1229, 41579
List the prime factors of 22244135.
5, 1181, 3767
What are the prime factors of 177024448?
2, 2766007
What are the prime factors of 214320930?
2, 3, 5, 7144031
List the prime factors of 108111873.
3, 433, 83227
What are the prime factors of 279677176?
2, 509, 68683
What are the prime factors of 63124667?
3251, 19417
What are the prime factors of 165400444?
2, 11, 3759101
What are the prime factors of 67016311?
1129, 59359
What are the prime factors of 42507729?
3, 11, 139, 3089
List the prime factors of 4097460650.
2, 5, 31, 2643523
List the prime factors of 74973743.
13, 431, 13381
List the prime factors of 68736246.
2, 3, 11456041
List the prime factors of 4468112553.
3, 31, 48044221
What are the prime factors of 974651169?
3, 29, 257, 43591
What are the prime factors of 594995990?
2, 5, 73, 815063
What are the prime factors of 47672503?
6689, 7127
List the prime factors of 549334715.
5, 109866943
What are the prime factors of 1488098384?
2, 53, 137, 12809
List the prime factors of 3432675426.
2, 3, 10039, 56989
List the prime factors of 43242680.
2, 5, 13, 137, 607
List the prime factors of 37747057.
31, 1217647
What are the prime factors of 279686300?
2, 5, 53, 113, 467
What are the prime factors of 544584690?
2, 3, 5, 13, 103, 4519
What are the prime factors of 54402701?
6791, 8011
List the prime factors of 153264124.
2, 13, 31, 3067
List the prime factors of 59155100.
2, 5, 43, 13757
What are the prime factors of 68622989?
83, 826783
What are the prime factors of 736560128?
2, 719297
List the prime factors of 95461659.
3, 401, 2939
What are the prime factors of 56538526?
2, 11, 157, 16369
List the prime factors of 4758179772.
2, 3, 396514981
What are the prime factors of 89899423?
2273, 39551
List the prime factors of 17789410.
2, 5, 211, 8431
List the prime factors of 195102300.
2, 3, 5, 251, 2591
What are the prime factors of 126352100?
2, 5, 7, 180503
List the prime factors of 408350686.
2, 204175343
List the prime factors of 11992760.
2, 5, 13, 23063
What are the prime factors of 20558277?
3, 97, 23549
List the prime factors of 3590938833.
3, 29, 1069, 38611
What are the prime factors of 68972556?
2, 3, 29, 198197
What are the prime factors of 47397838?
2, 23698919
What are the prime factors of 57441517?
7, 8205931
What are the prime factors of 5034887230?
2, 5, 503488723
List the prime factors of 75155025.
3, 5, 11, 91097
What are the prime factors of 690126586?
2, 345063293
List the prime factors of 58816314.
2, 3, 1089191
What are the prime factors of 1144033500?
2, 3, 5, 167, 4567
List the prime factors of 5591505384.
2, 3, 25886599
List the prime factors of 1073644873.
7, 29, 37, 223, 641
What are the prime factors of 140713223?
7, 109, 223, 827
List the prime factors of 428995538.
2, 37, 491, 11807
What are the prime factors of 1495748?
2, 373937
What are the prime factors of 25866759?
3, 1031, 8363
What are the prime factors of 81113996?
2, 43, 471593
What are the prime factors of 15761989?
89, 177101
What are the prime factors of 130141640?
2, 5, 19, 109, 1571
List the prime factors of 1357480111.
13, 29, 31, 41, 2833
What are the prime factors of 173918928?
2, 3, 31, 116881
List the prime factors of 41390146.
2, 7, 31, 95369
What are the prime factors of 1982955189?
3, 23, 97, 296273
What are the prime factors of 33475287?
3, 11158429
List the prime factors of 96573171.
3, 107, 300851
What are the prime factors of 595384940?
2, 5, 29769247
List the prime factors of 250565457.
3, 1087, 76837
List the prime factors of 136904572.
2, 7, 1709, 2861
List the prime factors of 28576021.
28576021
List the pri